415621?
7, 541, 39983
What are the prime factors of 129491253?
3, 59, 243863
What are the prime factors of 203480709?
3, 19, 197, 18121
List the prime factors of 105813480.
2, 3, 5, 881779
List the prime factors of 429220880.
2, 5, 11, 29, 139
List the prime factors of 70098430.
2, 5, 2179, 3217
What are the prime factors of 20430409?
20430409
List the prime factors of 981106032.
2, 3, 23, 888683
List the prime factors of 2740818963.
3, 41, 1873, 11897
What are the prime factors of 105610652?
2, 7, 823, 4583
What are the prime factors of 717885202?
2, 1559, 230239
List the prime factors of 3967718564.
2, 991929641
What are the prime factors of 1843234246?
2, 7, 131659589
What are the prime factors of 25541373?
3, 11, 13, 29, 2053
List the prime factors of 925655073.
3, 7, 41, 1075093
List the prime factors of 231879613.
7, 4732237
What are the prime factors of 50098511?
31, 223, 7247
What are the prime factors of 59717624?
2, 7464703
What are the prime factors of 435008677?
587, 741071
List the prime factors of 93350582.
2, 13, 3590407
List the prime factors of 80357987.
337, 238451
What are the prime factors of 509668518?
2, 3, 84944753
List the prime factors of 587943996.
2, 3, 2333, 21001
What are the prime factors of 147553601?
13, 19, 597383
What are the prime factors of 3395381973?
3, 29, 59, 661481
What are the prime factors of 1102326904?
2, 7, 19684409
What are the prime factors of 19864360?
2, 5, 496609
List the prime factors of 62305655.
5, 19, 655849
List the prime factors of 5120875955.
5, 13, 149, 199, 2657
What are the prime factors of 144775264?
2, 17, 41, 6491
List the prime factors of 3573909330.
2, 3, 5, 119130311
List the prime factors of 165098075.
5, 47, 71, 1979
What are the prime factors of 27817011?
3, 3090779
What are the prime factors of 1594918097?
1669, 955613
What are the prime factors of 151151008?
2, 197, 23977
What are the prime factors of 433693898?
2, 11, 29, 107, 6353
What are the prime factors of 152233262?
2, 1181, 64451
List the prime factors of 27888501.
3, 79, 117673
What are the prime factors of 14708421?
3, 7, 13, 17959
List the prime factors of 428396129.
7, 5279, 11593
List the prime factors of 5756937640.
2, 5, 1609, 89449
What are the prime factors of 50574191?
2741, 18451
List the prime factors of 8153571.
3, 131, 20747
What are the prime factors of 96252419?
17, 5661907
What are the prime factors of 886102994?
2, 7, 1531, 41341
List the prime factors of 6545686765.
5, 229, 5716757
What are the prime factors of 1843589773?
1843589773
List the prime factors of 272752878.
2, 3, 521, 87253
List the prime factors of 689363818.
2, 11, 13, 443, 5441
What are the prime factors of 27216890?
2, 5, 211, 12899
List the prime factors of 107136709.
107136709
What are the prime factors of 2074133233?
19, 109164907
List the prime factors of 24433001.
61, 269, 1489
What are the prime factors of 51784032?
2, 3, 67, 83, 97
What are the prime factors of 12518068?
2, 3129517
What are the prime factors of 2581870341?
3, 71, 12121457
List the prime factors of 2774407937.
7, 396343991
List the prime factors of 616094219.
13, 79, 157, 3821
What are the prime factors of 2480409806?
2, 7, 131, 1352459
What are the prime factors of 1737810804?
2, 3, 139, 1041853
What are the prime factors of 2690328261?
3, 1087, 825001
What are the prime factors of 4052836796?
2, 1013209199
What are the prime factors of 2655442674?
2, 3, 181, 815053
List the prime factors of 1987208264.
2, 59, 4210187
List the prime factors of 1429702954.
2, 23, 337, 92227
What are the prime factors of 46617044?
2, 23, 47, 10781
List the prime factors of 295823592.
2, 3, 4108661
List the prime factors of 2911853904.
2, 3, 59, 109, 9433
List the prime factors of 8973439.
127, 70657
What are the prime factors of 12601680?
2, 3, 5, 7, 13, 577
List the prime factors of 492903450.
2, 3, 5, 13, 109, 773
List the prime factors of 140801750.
2, 5, 137, 4111
List the prime factors of 2652163372.
2, 663040843
What are the prime factors of 294442033?
41, 7181513
List the prime factors of 278017389.
3, 13, 251, 9467
List the prime factors of 62791294.
2, 37, 848531
List the prime factors of 90389052.
2, 3, 13, 193139
List the prime factors of 153010984.
2, 7, 37, 73847
What are the prime factors of 382800839?
103, 431, 8623
List the prime factors of 119827567.
119827567
List the prime factors of 57671112.
2, 3, 167, 14389
List the prime factors of 9749572194.
2, 3, 10111, 160709
What are the prime factors of 315183338?
2, 157591669
List the prime factors of 45701578.
2, 13, 47, 149, 251
What are the prime factors of 16473610?
2, 5, 1647361
What are the prime factors of 44948732?
2, 47, 5087
What are the prime factors of 74453076?
2, 3, 47, 79, 557
List the prime factors of 1273928232.
2, 3, 23, 47, 49103
List the prime factors of 162395926.
2, 7, 11, 19, 55501
List the prime factors of 403448046.
2, 3, 17, 232669
List the prime factors of 135616744.
2, 16952093
What are the prime factors of 85819125?
3, 5, 7, 32693
What are the prime factors of 219858619?
219858619
What are the prime factors of 2191772040?
2, 3, 5, 18264767
What are the prime factors of 47171054?
2, 7, 227, 14843
What are the prime factors of 155500848?
2, 3, 1079867
What are the prime factors of 278396119?
278396119
What are the prime factors of 197743850?
2, 5, 3954877
What are the prime factors of 240353882?
2, 181, 663961
List the prime factors of 334689939.
3, 37187771
List the prime factors of 318166124.
2, 47, 1181, 1433
What are the prime factors of 163795378?
2, 81897689
List the prime factors of 48795196.
2, 43, 239, 1187
What are the prime factors of 131711882?
2, 751, 87691
List the prime factors of 424832085.
3, 5, 9440713
List the prime factors of 264621393.
3, 29402377
What are the prime factors of 970828235?
5, 13, 79, 189061
List the prime factors of 1098809030.
2, 5, 11, 9989173
What are the prime factors of 1165877288?
2, 59, 2470079
What are the prime factors of 389485194?
2, 3, 7, 193, 48049
What are the prime factors of 459064906?
2, 17, 53, 254753
List the prime factors of 98931553.
7, 14133079
List the prime factors of 33045316.
2, 163, 50683
List the prime factors of 1532273286.
2, 3, 255378881
What are the prime factors of 275752656?
2, 3, 1914949
What are the prime factors of 908699168?
2, 13, 19, 114967
List the prime factors of 159664740.
2, 3, 5, 2661079
List the prime factors of 529092118.
2, 264546059
List the prime factors of 1328112638.
2, 601, 1104919
What are the prime factors of 3551967?
3, 563, 701
List the prime factors of 6091496.
2, 761437
List the prime factors of 6008029653.
3, 17, 19, 6200237
List the prime factors of 274323477.
3, 9001, 10159
List the prime factors of 105280559.
163, 645893
List the prime factors of 59954705.
5, 11990941
What are the prime factors of 2142452211?
3, 773, 923869
List the prime factors of 3203323383.
3, 13, 29, 1669, 1697
List the prime factors of 287475459.
3, 23, 37, 112603
What are the prime factors of 1674803842?
2, 22409, 37369
List the prime factors of 7621877.
31, 53, 4639
List the prime factors of 571705971.
3, 17, 29, 386549
List the prime factors of 318736580.
2, 5, 15936829
List the prime factors of 5089545.
3, 5, 17, 6653
What are the prime factors of 8156017551?
3, 11, 247152047
What are the prime factors of 13850976?
2, 3, 223, 647
What are the prime factors of 243652889?
163, 1494803
What are the prime factors of 1527525842?
2, 763762921
List the prime factors of 96479512.
2, 12059939
What are the prime factors of 33776934?
2, 3, 571, 9859
What are the prime factors of 34833404?
2, 2591, 3361
What are the prime factors of 43275708?
2, 3, 7, 19081
What are the prime factors of 3863263787?
17, 19, 11960569
List the prime factors of 293240295.
3, 5, 71, 91781
List the prime factors of 3163987719.
3, 351554191
What are the prime factors of 1289417749?
29, 44462681
List the prime factors of 199379782.
2, 7, 241, 59093
List the prime factors of 54093484.
2, 43, 314497
List the prime factors of 44716808.
2, 59, 211, 449
List the prime factors of 77448872.
2, 17, 613, 929
What are the prime factors of 220641660?
2, 3, 5, 1225787
List the prime factors of 164523613.
11897, 13829
List the prime factors of 31678027.
1